{"id":7,"date":"2021-02-24T11:03:11","date_gmt":"2021-02-24T10:03:11","guid":{"rendered":"http:\/\/perfanalytics.fr\/?page_id=7"},"modified":"2021-02-25T13:43:54","modified_gmt":"2021-02-25T12:43:54","slug":"a-propos-de","status":"publish","type":"page","link":"https:\/\/perfanalytics.fr\/?page_id=7","title":{"rendered":"A propos"},"content":{"rendered":"\n<p><strong>PerfAnalytics, projet port\u00e9 par&nbsp;INRIA&nbsp;Grenoble Rh\u00f4ne-Alpes<\/strong><\/p>\n\n\n\n<p><a href=\"mailto:lionel.reveret@inria.fr\">lionel.reveret[at]inria.fr<\/a><\/p>\n\n\n\n<p><br>L&#8217;objectif du projet PerfAnalytics est de d\u00e9terminer comment l&#8217;analyse vid\u00e9o, outil d\u00e9sormais classique dans l&#8217;environnement sportif, peut \u00eatre utilis\u00e9e pour quantifier les diff\u00e9rents indicateurs de performance et d\u00e9livrer un retour aux entra\u00eeneurs et aux athl\u00e8tes. Le projet soutenu par les f\u00e9d\u00e9rations de boxe, cyclisme, gymnastique, lutte ainsi que montagne et escalade, vise \u00e0 fournir aux partenaires sportifs une approche scientifique d\u00e9di\u00e9e \u00e0 l&#8217;analyse vid\u00e9o, en couplant les r\u00e9sultats techniques existants sur l&#8217;estimation des gestes et figures \u00e0 partir de la vid\u00e9o avec des m\u00e9thodologies scientifiques relevant de la biom\u00e9canique pour une objectivation gestuelle avanc\u00e9e (musculaire par exemple).<\/p>\n","protected":false},"excerpt":{"rendered":"<p>PerfAnalytics, projet port\u00e9 par&nbsp;INRIA&nbsp;Grenoble Rh\u00f4ne-Alpes lionel.reveret[at]inria.fr L&#8217;objectif du projet PerfAnalytics est de d\u00e9terminer comment l&#8217;analyse vid\u00e9o, outil d\u00e9sormais classique dans l&#8217;environnement sportif, peut \u00eatre utilis\u00e9e pour quantifier les diff\u00e9rents indicateurs de performance et d\u00e9livrer un retour aux entra\u00eeneurs et aux athl\u00e8tes. Le projet soutenu par les f\u00e9d\u00e9rations de boxe, cyclisme, gymnastique, lutte ainsi que montagne [&hellip;]<\/p>\n","protected":false},"author":1,"featured_media":0,"parent":0,"menu_order":0,"comment_status":"closed","ping_status":"closed","template":"","meta":[],"_links":{"self":[{"href":"https:\/\/perfanalytics.fr\/index.php?rest_route=\/wp\/v2\/pages\/7"}],"collection":[{"href":"https:\/\/perfanalytics.fr\/index.php?rest_route=\/wp\/v2\/pages"}],"about":[{"href":"https:\/\/perfanalytics.fr\/index.php?rest_route=\/wp\/v2\/types\/page"}],"author":[{"embeddable":true,"href":"https:\/\/perfanalytics.fr\/index.php?rest_route=\/wp\/v2\/users\/1"}],"replies":[{"embeddable":true,"href":"https:\/\/perfanalytics.fr\/index.php?rest_route=%2Fwp%2Fv2%2Fcomments&post=7"}],"version-history":[{"count":5,"href":"https:\/\/perfanalytics.fr\/index.php?rest_route=\/wp\/v2\/pages\/7\/revisions"}],"predecessor-version":[{"id":52,"href":"https:\/\/perfanalytics.fr\/index.php?rest_route=\/wp\/v2\/pages\/7\/revisions\/52"}],"wp:attachment":[{"href":"https:\/\/perfanalytics.fr\/index.php?rest_route=%2Fwp%2Fv2%2Fmedia&parent=7"}],"curies":[{"name":"wp","href":"https:\/\/api.w.org\/{rel}","templated":true}]}}